{"id":23275,"date":"2020-08-09T16:56:18","date_gmt":"2020-08-09T14:56:18","guid":{"rendered":"https:\/\/spasupport.se\/b2b\/product\/mutter-och-packningssats-till-balboa-varmare-2\/"},"modified":"2024-02-24T15:11:25","modified_gmt":"2024-02-24T14:11:25","slug":"mutter-och-packning-till-balboa-varmare","status":"publish","type":"product","link":"https:\/\/spasupport.se\/b2b\/produkt\/mutter-och-packning-till-balboa-varmare\/","title":{"rendered":"Mutter och packning till Balboa v\u00e4rmare"},"content":{"rendered":"<h3>Mutter och packning till Balboa v\u00e4rmare<\/h3>\n<p>Mutter och packning till Balboa v\u00e4rmare beh\u00f6ver kontrolleras med j\u00e4mna mellanrum. Efter ett antal \u00e5r rekommenderar vi att den byts ut p\u00e5 b\u00e5da sidor. Detta eftersom materialet slits med \u00e5ren av de kemikalier som anv\u00e4nds och de st\u00e4ndiga temperatur skiftningarna. Om denna del havererar t\u00f6ms hela badet p\u00e5 vatten inom n\u00e5gon minut vilket kan vara katastrofalt speciellt vintertid.<\/p>\n<h3>Packning till spav\u00e4rmaren ing\u00e5r i satsen<\/h3>\n<p>Packningar och delbar mutter till Balboa v\u00e4rmaren ing\u00e5r. Passar alla Balboa 15 tums v\u00e4rmare till exempel den vanligaste 58118 (som sedan 2020 har nytt nummer 58107).<\/p>\n<h3>M\u00e5tt<\/h3>\n<ul>\n<li>H\u00e5l 58 mm<\/li>\n<li>G\u00e4nga 78 mm<\/li>\n<\/ul>\n<!--themify_builder_content-->\n<div id=\"themify_builder_content-23275\" data-postid=\"23275\" class=\"themify_builder_content themify_builder_content-23275 themify_builder tf_clear\">\n    <\/div>\n<!--\/themify_builder_content-->\n","protected":false},"excerpt":{"rendered":"<div class=\"woocommerce-product-details__short-description\">\n<ul>\n<li>Delbar mutter med packning och skruv<\/li>\n<li>H\u00e5l 58 mm<\/li>\n<li>G\u00e4nga 78 mm<\/li>\n<li>Byt alltid p\u00e5 b\u00e5da sidor efter ca. 5 \u00e5r<\/li>\n<\/ul>\n<\/div>\n","protected":false},"featured_media":23274,"comment_status":"open","ping_status":"closed","template":"","meta":{"_acf_changed":false,"inline_featured_image":false},"product_brand":[],"product_cat":[605],"product_tag":[],"varum\u00e4rken":[],"class_list":{"0":"post-23275","1":"product","2":"type-product","3":"status-publish","4":"has-post-thumbnail","6":"product_cat-unioner-packningar","7":"has-post-title","8":"has-post-date","9":"has-post-category","10":"has-post-tag","11":"has-post-comment","12":"has-post-author","13":"","15":"first","16":"instock","17":"taxable","18":"shipping-taxable","19":"product-type-simple"},"acf":[],"_links":{"self":[{"href":"https:\/\/spasupport.se\/b2b\/wp-json\/wp\/v2\/product\/23275","targetHints":{"allow":["GET"]}}],"collection":[{"href":"https:\/\/spasupport.se\/b2b\/wp-json\/wp\/v2\/product"}],"about":[{"href":"https:\/\/spasupport.se\/b2b\/wp-json\/wp\/v2\/types\/product"}],"replies":[{"embeddable":true,"href":"https:\/\/spasupport.se\/b2b\/wp-json\/wp\/v2\/comments?post=23275"}],"wp:featuredmedia":[{"embeddable":true,"href":"https:\/\/spasupport.se\/b2b\/wp-json\/wp\/v2\/media\/23274"}],"wp:attachment":[{"href":"https:\/\/spasupport.se\/b2b\/wp-json\/wp\/v2\/media?parent=23275"}],"wp:term":[{"taxonomy":"product_brand","embeddable":true,"href":"https:\/\/spasupport.se\/b2b\/wp-json\/wp\/v2\/product_brand?post=23275"},{"taxonomy":"product_cat","embeddable":true,"href":"https:\/\/spasupport.se\/b2b\/wp-json\/wp\/v2\/product_cat?post=23275"},{"taxonomy":"product_tag","embeddable":true,"href":"https:\/\/spasupport.se\/b2b\/wp-json\/wp\/v2\/product_tag?post=23275"},{"taxonomy":"varum\u00e4rken","embeddable":true,"href":"https:\/\/spasupport.se\/b2b\/wp-json\/wp\/v2\/varum\u00e4rken?post=23275"}],"curies":[{"name":"wp","href":"https:\/\/api.w.org\/{rel}","templated":true}]}}