{"id":23876,"date":"2020-08-09T16:55:54","date_gmt":"2020-08-09T14:55:54","guid":{"rendered":"https:\/\/spasupport.se\/b2b\/product\/balboa-system-gl2001m3-2\/"},"modified":"2023-12-30T16:32:25","modified_gmt":"2023-12-30T15:32:25","slug":"balboa-system-gl2001m3","status":"publish","type":"product","link":"https:\/\/spasupport.se\/b2b\/produkt\/balboa-system-gl2001m3\/","title":{"rendered":"Balboa GL2001M3"},"content":{"rendered":"<p>System utg\u00e5ngar:<\/p>\n<p>230 V pump 1 |\u00a01 eller 2 hastigheter<br \/>\n230 V pump 2 |\u00a01 eller 2\u00a0hastigheter<br \/>\n230 V blower | 1 hastighet<br \/>\n230 V ozone eller UV lampa<br \/>\n10 V Belysning<br \/>\n230 V radio<br \/>\n3 kW v\u00e4rmare<br \/>\n230 V cirkulationspump<\/p>\n<p>Str\u00f6mf\u00f6rs\u00f6rjning:<\/p>\n<p>1. 230 V 50Hz 1&#215;16-32A<br \/>\n2. 230 V 50Hz 2x16A<br \/>\n3. 230 V 50Hz 3x16A<\/p>\n<!--themify_builder_content-->\n<div id=\"themify_builder_content-23876\" data-postid=\"23876\" class=\"themify_builder_content themify_builder_content-23876 themify_builder tf_clear\">\n    <\/div>\n<!--\/themify_builder_content-->\n","protected":false},"excerpt":{"rendered":"<p>System utg\u00e5ngar: 230 V pump 1 |\u00a01 eller 2 hastigheter 230 V pump 2 |\u00a01 eller 2\u00a0hastigheter 230 V blower | 1 hastighet 230 V ozone eller UV lampa 10 V Belysning 230 V radio 3 kW v\u00e4rmare 230 V cirkulationspump Str\u00f6mf\u00f6rs\u00f6rjning: 1. 230 V 50Hz 1&#215;16-32A 2. 230 V 50Hz 2x16A 3. 230 V [&hellip;]<\/p>\n","protected":false},"featured_media":23875,"comment_status":"open","ping_status":"closed","template":"","meta":{"_acf_changed":false,"inline_featured_image":false},"product_brand":[],"product_cat":[565],"product_tag":[],"varum\u00e4rken":[],"class_list":{"0":"post-23876","1":"product","2":"type-product","3":"status-publish","4":"has-post-thumbnail","6":"product_cat-styrboxar","7":"pa_modell-gl-2000-system","8":"has-post-title","9":"has-post-date","10":"has-post-category","11":"has-post-tag","12":"has-post-comment","13":"has-post-author","14":"","16":"first","17":"instock","18":"taxable","19":"shipping-taxable","20":"product-type-simple"},"acf":[],"_links":{"self":[{"href":"https:\/\/spasupport.se\/b2b\/wp-json\/wp\/v2\/product\/23876","targetHints":{"allow":["GET"]}}],"collection":[{"href":"https:\/\/spasupport.se\/b2b\/wp-json\/wp\/v2\/product"}],"about":[{"href":"https:\/\/spasupport.se\/b2b\/wp-json\/wp\/v2\/types\/product"}],"replies":[{"embeddable":true,"href":"https:\/\/spasupport.se\/b2b\/wp-json\/wp\/v2\/comments?post=23876"}],"wp:featuredmedia":[{"embeddable":true,"href":"https:\/\/spasupport.se\/b2b\/wp-json\/wp\/v2\/media\/23875"}],"wp:attachment":[{"href":"https:\/\/spasupport.se\/b2b\/wp-json\/wp\/v2\/media?parent=23876"}],"wp:term":[{"taxonomy":"product_brand","embeddable":true,"href":"https:\/\/spasupport.se\/b2b\/wp-json\/wp\/v2\/product_brand?post=23876"},{"taxonomy":"product_cat","embeddable":true,"href":"https:\/\/spasupport.se\/b2b\/wp-json\/wp\/v2\/product_cat?post=23876"},{"taxonomy":"product_tag","embeddable":true,"href":"https:\/\/spasupport.se\/b2b\/wp-json\/wp\/v2\/product_tag?post=23876"},{"taxonomy":"varum\u00e4rken","embeddable":true,"href":"https:\/\/spasupport.se\/b2b\/wp-json\/wp\/v2\/varum\u00e4rken?post=23876"}],"curies":[{"name":"wp","href":"https:\/\/api.w.org\/{rel}","templated":true}]}}