{"id":24339,"date":"2020-10-14T09:46:01","date_gmt":"2020-10-14T07:46:01","guid":{"rendered":"https:\/\/spasupport.se\/b2b\/product\/spa-klor-salt\/"},"modified":"2024-01-24T08:14:37","modified_gmt":"2024-01-24T07:14:37","slug":"spa-klor-salt","status":"publish","type":"product","link":"https:\/\/spasupport.se\/b2b\/produkt\/spa-klor-salt\/","title":{"rendered":"Spa Klor Salt"},"content":{"rendered":"<h2>Delphin Spa Klor Salt<\/h2>\n<p>Delphin Spa Klor Salt tills\u00e4tts i spabad som \u00e4r utrustad med en klorgenerator. F\u00f6rpackningen inneh\u00e5ller 5 kg klorsalt.<\/p>\n<!--themify_builder_content-->\n<div id=\"themify_builder_content-24339\" data-postid=\"24339\" class=\"themify_builder_content themify_builder_content-24339 themify_builder tf_clear\">\n    <\/div>\n<!--\/themify_builder_content-->\n","protected":false},"excerpt":{"rendered":"<ul>\n<li>5 kg klorsalt granulat<\/li>\n<li>Till spabad med klorgenerator<\/li>\n<\/ul>\n","protected":false},"featured_media":24338,"comment_status":"open","ping_status":"closed","template":"","meta":{"_acf_changed":false,"inline_featured_image":false},"product_brand":[],"product_cat":[507],"product_tag":[530],"varum\u00e4rken":[],"class_list":{"0":"post-24339","1":"product","2":"type-product","3":"status-publish","4":"has-post-thumbnail","6":"product_cat-desinfektion","7":"product_tag-klor","8":"has-post-title","9":"has-post-date","10":"has-post-category","11":"has-post-tag","12":"has-post-comment","13":"has-post-author","14":"","16":"first","17":"instock","18":"taxable","19":"shipping-taxable","20":"product-type-simple"},"acf":[],"_links":{"self":[{"href":"https:\/\/spasupport.se\/b2b\/wp-json\/wp\/v2\/product\/24339","targetHints":{"allow":["GET"]}}],"collection":[{"href":"https:\/\/spasupport.se\/b2b\/wp-json\/wp\/v2\/product"}],"about":[{"href":"https:\/\/spasupport.se\/b2b\/wp-json\/wp\/v2\/types\/product"}],"replies":[{"embeddable":true,"href":"https:\/\/spasupport.se\/b2b\/wp-json\/wp\/v2\/comments?post=24339"}],"wp:featuredmedia":[{"embeddable":true,"href":"https:\/\/spasupport.se\/b2b\/wp-json\/wp\/v2\/media\/24338"}],"wp:attachment":[{"href":"https:\/\/spasupport.se\/b2b\/wp-json\/wp\/v2\/media?parent=24339"}],"wp:term":[{"taxonomy":"product_brand","embeddable":true,"href":"https:\/\/spasupport.se\/b2b\/wp-json\/wp\/v2\/product_brand?post=24339"},{"taxonomy":"product_cat","embeddable":true,"href":"https:\/\/spasupport.se\/b2b\/wp-json\/wp\/v2\/product_cat?post=24339"},{"taxonomy":"product_tag","embeddable":true,"href":"https:\/\/spasupport.se\/b2b\/wp-json\/wp\/v2\/product_tag?post=24339"},{"taxonomy":"varum\u00e4rken","embeddable":true,"href":"https:\/\/spasupport.se\/b2b\/wp-json\/wp\/v2\/varum\u00e4rken?post=24339"}],"curies":[{"name":"wp","href":"https:\/\/api.w.org\/{rel}","templated":true}]}}